{"id":985,"date":"2017-07-28T11:31:17","date_gmt":"2017-07-28T16:31:17","guid":{"rendered":"http:\/\/www.agenciapyme.com\/centrodenegocios\/?post_type=product&#038;p=985"},"modified":"2017-07-28T13:03:04","modified_gmt":"2017-07-28T18:03:04","slug":"kwesx-cafe-nuestro-cafe-bolsa-x-1-libra-proindicol-14-000","status":"publish","type":"product","link":"https:\/\/www.agenciapyme.com\/centrodenegocios\/product\/kwesx-cafe-nuestro-cafe-bolsa-x-1-libra-proindicol-14-000\/","title":{"rendered":"Kwe\u00b4sx Caf\u00e9 &#8220;Nuestro Caf\u00e9&#8221; Bolsa X 1 Libra PROINDICOL   $14.000"},"content":{"rendered":"<p><img data-recalc-dims=\"1\" loading=\"lazy\" decoding=\"async\" class=\"wp-image-987 size-medium alignleft\" src=\"https:\/\/i0.wp.com\/www.agenciapyme.com\/centrodenegocios\/wp-content\/uploads\/2017\/07\/logo-proindicol.jpg?resize=300%2C120\" alt=\"\" width=\"300\" height=\"120\" srcset=\"https:\/\/i0.wp.com\/www.agenciapyme.com\/centrodenegocios\/wp-content\/uploads\/2017\/07\/logo-proindicol.jpg?resize=300%2C120&amp;ssl=1 300w, https:\/\/i0.wp.com\/www.agenciapyme.com\/centrodenegocios\/wp-content\/uploads\/2017\/07\/logo-proindicol.jpg?w=500&amp;ssl=1 500w\" sizes=\"auto, (max-width: 300px) 100vw, 300px\" \/><\/p>\n<p><strong>PROINDICOL: \u00a0<\/strong>Empresa Ind\u00edgena dedicada a la producci\u00f3n, procesamiento y comercializaci\u00f3n de productos medicinales, alimenticios, bebidas, artesan\u00edas entre otros a nivel local, nacional e internacional; basados en el bienestar de nuestros colaboradores y sus familias, la interacci\u00f3n arm\u00f3nica con naturaleza y el fortalecimiento productivo empresarial propio de nuestros pueblos.<\/p>\n<p>PROINDICOL nace de la iniciativa de lideres ind\u00edgenas emprendedores de Colombia, que vieron la necesidad de apoyar y aportar al fortalecimiento del sector econ\u00f3mico productivo y social de los pueblos ind\u00edgenas.<\/p>\n<p>&nbsp;<\/p>\n<p>Se inicia en el a\u00f1o 2011 comercializando productos en la ciudad de Bogot\u00e1 D.C en articulaci\u00f3n con el cabildo ind\u00edgena nasa urbano, los productos eran tra\u00eddos de los territorios ind\u00edgenas Nasa de los departamentos del Cauca y Tolima en su mayor\u00eda eran productos naturales u org\u00e1nicos, en alianza con familias y organizaciones que serv\u00edan como proveedores.<\/p>\n<div>\n<div>Desde entonces se\u00a0comenz\u00f3\u00a0a participar en las diferentes ferias que las localidades \u00a0realizaban y el distrito invitaba como iniciativa productiva.<\/div>\n<\/div>\n<p>&nbsp;<\/p>\n<p>Direcci\u00f3n: Calle 9 # 9 60, Bogot\u00e1 D.C.<\/p>\n<p><center><iframe loading=\"lazy\" style=\"border: 0;\" src=\"https:\/\/www.google.com\/maps\/embed?pb=!1m18!1m12!1m3!1d3976.9780225349054!2d-74.08091148554146!3d4.597959696659667!2m3!1f0!2f0!3f0!3m2!1i1024!2i768!4f13.1!3m3!1m2!1s0x8e3f99086b7a3163%3A0x26552e13a0332d2d!2zQ2wuIDkgIzktNjAsIEJvZ290w6E!5e0!3m2!1ses!2sco!4v1501260199888\" width=\"560\" height=\"315\" frameborder=\"0\" allowfullscreen=\"allowfullscreen\"><\/iframe><\/center><center><\/center><center><\/center><center><strong>PUBLICACIONES ANTERIORES:<\/strong>\u00a0<\/center><center><a href=\"https:\/\/www.agenciapyme.com\/2017\/07\/24\/proindicol-comercializa-historias-de-vida-de-indigenas-nasa-del-tolima-y-del-cauca\/\" target=\"_blank\" rel=\"noopener\">Proindicol comercializa historias de vida de ind\u00edgenas Nasa del Tolima y del Cauca<\/a><\/center><center><\/center><center><strong>P\u00c1GINA WEB:<\/strong><\/center><center><a href=\"http:\/\/proindicolcompany.blogspot.com.co\/\" target=\"_blank\" rel=\"noopener\">www.proindicolcompany.blogspot.com.co\/<\/a><\/center><center><\/center><center><\/center><center><\/center><center><\/center><center><\/center><center><\/center><center><\/center><center><\/center><center><strong><span data-toggle=\"tooltip\"  rel=\"tooltip\" data-placement=\"top\" title=\"REINEL PAYA celulares: 3022551588 \/ 3118169002 correo: productoindigena@gmail.com Calle 9 # 9 - 60 Bpgot\u00e1 D.C. Colombia \">INFORMACI\u00d3N DE CONTACTO<\/span><\/strong><\/center><\/p>\n","protected":false},"excerpt":{"rendered":"<p>Este caf\u00e9 se produce sobre la base arm\u00f3nica de la naturaleza (Tull: Cafeteras tradicionales).<br \/>\nGracias al esfuerzo de los peque\u00f1os agricultores por conservar la base de los recursos naturales.<\/p>\n<p><em><strong>Significado Nasa \/ Nasa Meaning:<\/strong><\/em><br \/>\nKwe\u00b4sk Caf\u00e9 \/ Nuestro Caf\u00e9\/Our coffee<\/p>\n<p><em><strong>Procedencia \/ Source<\/strong><\/em><br \/>\nMunicipio de Toribio, Norte del Cauca<\/p>\n<p><em><strong>Distribuci\u00f3n Geogr\u00e1fica \/ Geographic Distribution:<\/strong><\/em><br \/>\nMonta\u00f1as hasta 1200 msnm \/ Mountains to 1.200 m.a..s.l<\/p>\n<p><em><strong>PRESENTACIONES \/ PRESENTATIONS<\/strong><\/em><br \/>\n1 libra \/ 1 pound : COP $14.000<br \/>\n250 gr \/ \u00bd pound : COP $7.000<br \/>\n125 gr \/ \u00bc pound : COP $4000 <strong>Los precios incluyen IVA<\/strong><\/p>\n<p><em>PROINDICOL<\/em> ofrece estos productos con el animo de comercializarlos en cualquier parte del territorio nacional, as\u00ed como su comercializaci\u00f3n a nivel internacional.<\/p>\n<p style=\"text-align: center;\"><strong>[tcbdtooltip_text title=\"REINEL PAYA celulares: 3022551588 \/ 3118169002 correo: productoindigena@gmail.com Calle 9 # 9 - 60 Bpgot\u00e1 D.C. Colombia \" place=\"top\"]INFORMACI\u00d3N DE CONTACTO[\/tcbdtooltip_text]<\/strong><\/p>\n","protected":false},"featured_media":986,"comment_status":"open","ping_status":"closed","template":"","meta":{"jetpack_post_was_ever_published":false,"jetpack_publicize_message":"","jetpack_publicize_feature_enabled":true,"jetpack_social_post_already_shared":false,"jetpack_social_options":{"image_generator_settings":{"template":"highway","enabled":false},"version":2}},"product_brand":[],"product_cat":[24],"product_tag":[63,62,379,378,27],"class_list":{"0":"post-985","1":"product","2":"type-product","3":"status-publish","4":"has-post-thumbnail","6":"product_cat-cafes","7":"product_tag-bebidas-calientes","8":"product_tag-cafes","9":"product_tag-producto-indigena-nasa","10":"product_tag-proindicol","11":"product_tag-taza-de-cafe","13":"first","14":"instock","15":"shipping-taxable","16":"product-type-simple"},"jetpack_publicize_connections":[],"jetpack_sharing_enabled":true,"_links":{"self":[{"href":"https:\/\/www.agenciapyme.com\/centrodenegocios\/wp-json\/wp\/v2\/product\/985","targetHints":{"allow":["GET"]}}],"collection":[{"href":"https:\/\/www.agenciapyme.com\/centrodenegocios\/wp-json\/wp\/v2\/product"}],"about":[{"href":"https:\/\/www.agenciapyme.com\/centrodenegocios\/wp-json\/wp\/v2\/types\/product"}],"replies":[{"embeddable":true,"href":"https:\/\/www.agenciapyme.com\/centrodenegocios\/wp-json\/wp\/v2\/comments?post=985"}],"wp:featuredmedia":[{"embeddable":true,"href":"https:\/\/www.agenciapyme.com\/centrodenegocios\/wp-json\/wp\/v2\/media\/986"}],"wp:attachment":[{"href":"https:\/\/www.agenciapyme.com\/centrodenegocios\/wp-json\/wp\/v2\/media?parent=985"}],"wp:term":[{"taxonomy":"product_brand","embeddable":true,"href":"https:\/\/www.agenciapyme.com\/centrodenegocios\/wp-json\/wp\/v2\/product_brand?post=985"},{"taxonomy":"product_cat","embeddable":true,"href":"https:\/\/www.agenciapyme.com\/centrodenegocios\/wp-json\/wp\/v2\/product_cat?post=985"},{"taxonomy":"product_tag","embeddable":true,"href":"https:\/\/www.agenciapyme.com\/centrodenegocios\/wp-json\/wp\/v2\/product_tag?post=985"}],"curies":[{"name":"wp","href":"https:\/\/api.w.org\/{rel}","templated":true}]}}