{"id":890,"date":"2017-07-06T19:31:32","date_gmt":"2017-07-07T00:31:32","guid":{"rendered":"http:\/\/www.agenciapyme.com\/centrodenegocios\/?post_type=product&#038;p=890"},"modified":"2017-07-08T17:33:00","modified_gmt":"2017-07-08T22:33:00","slug":"visbiker-panos-humedos-para-limpieza-de-viseras-de-cascos-x-50-unidades-imbelpack-12-200","status":"publish","type":"product","link":"https:\/\/www.agenciapyme.com\/centrodenegocios\/product\/visbiker-panos-humedos-para-limpieza-de-viseras-de-cascos-x-50-unidades-imbelpack-12-200\/","title":{"rendered":"Visbiker Pa\u00f1os H\u00famedos para limpieza de viseras de cascos x 50 Unidades IMBELPACK  $12.200"},"content":{"rendered":"<p><strong>VISBIKER\u00ae<\/strong>\u00a0en una marca de la empresa <strong>IMBELPACK\u00a0S.A.S<\/strong>, una empresa de j\u00f3venes emprendedores, que nace con la intenci\u00f3n de brindar productos de la mejor calidad y satisfacci\u00f3n para nuestros clientes. \u00a0<strong>VISBIKER\u00ae<\/strong>\u00a0 \u00a0es nuestra marca especializada en brindar soluciones de protecci\u00f3n y limpieza para motociclistas y ciclistas. Ofrecemos toda una gama de productos para protecci\u00f3n con <em>Visbiker Mask<\/em> \u2013 M\u00e1scaras Antipoluci\u00f3n &#8211; , <em>Visbiker Odor<\/em> \u2013 Desodorante para cascos -, <em>Visbiker<\/em> \u2013 Pa\u00f1os h\u00famedos para limpieza de viseras &#8211; .<\/p>\n<p>&nbsp;<\/p>\n<p><center><iframe loading=\"lazy\" src=\"https:\/\/www.youtube.com\/embed\/SmGEtZrYHQI\" width=\"560\" height=\"315\" frameborder=\"0\" allowfullscreen=\"allowfullscreen\" data-mce-fragment=\"1\"><\/iframe><\/center><strong>PUBLICACIONES ANTERIORES:<\/strong><\/p>\n<p><strong>P\u00c1GINA WEB:\u00a0<a href=\"http:\/\/www.visbiker.com\" target=\"_blank\" rel=\"noopener\">www.visbiker.com<\/a><\/strong><\/p>\n<p>&nbsp;<\/p>\n<p style=\"text-align: center;\"><strong><span data-toggle=\"tooltip\"  rel=\"tooltip\" data-placement=\"top\" title=\"ZAMIRA ARDILA PALLARES, celular: 3182854450, correos: zardila@imbelpack.com, servicioalcliente@imbelpack.com\">INFORMACI\u00d3N DE CONTACTO<\/span><\/strong><\/p>\n","protected":false},"excerpt":{"rendered":"<p>Pa\u00f1os h\u00famedos limpiadores y desempa\u00f1antes para viseras, con componente Anti \u2013 Fog. En empaque individual, f\u00e1cil de usar, no raya, no mancha y desengrasa la visera, para permitir una mejor visibilidad.<\/p>\n<p><strong>Presentaci\u00f3n<\/strong>: Caja X 50 unidades $12.200 *El precio incluye IVA.<\/p>\n<p>IMBELPACK S.A.S. \u00a0Ofrece estos productos con el \u00e1nimo de comercializarlos en el mercado nacional e internacional.<\/p>\n<p style=\"text-align: center;\"><strong>[tcbdtooltip_text title=\"ZAMIRA ARDILA PALLARES, celular: 3182854450, correos: zardila@imbelpack.com, servicioalcliente@imbelpack.com\" place=\"top\"]INFORMACI\u00d3N DE CONTACTO[\/tcbdtooltip_text]<\/strong><\/p>\n","protected":false},"featured_media":891,"comment_status":"open","ping_status":"closed","template":"","meta":{"jetpack_post_was_ever_published":false,"jetpack_publicize_message":"","jetpack_publicize_feature_enabled":true,"jetpack_social_post_already_shared":false,"jetpack_social_options":{"image_generator_settings":{"template":"highway","enabled":false},"version":2}},"product_brand":[],"product_cat":[332,231],"product_tag":[337,333,339,342,345,344,237,334],"class_list":{"0":"post-890","1":"product","2":"type-product","3":"status-publish","4":"has-post-thumbnail","6":"product_cat-indumentaria","7":"product_cat-productos-de-limpieza","8":"product_tag-accesorios-para-moto","9":"product_tag-imbelpack","10":"product_tag-indumentaria","11":"product_tag-limpiador-de-cascos","12":"product_tag-limpieza-para-motos","13":"product_tag-panos-humedos-para-visera-de-cascos","14":"product_tag-productos-de-aseo","15":"product_tag-visbiker","17":"first","18":"instock","19":"shipping-taxable","20":"product-type-simple"},"jetpack_publicize_connections":[],"jetpack_sharing_enabled":true,"_links":{"self":[{"href":"https:\/\/www.agenciapyme.com\/centrodenegocios\/wp-json\/wp\/v2\/product\/890","targetHints":{"allow":["GET"]}}],"collection":[{"href":"https:\/\/www.agenciapyme.com\/centrodenegocios\/wp-json\/wp\/v2\/product"}],"about":[{"href":"https:\/\/www.agenciapyme.com\/centrodenegocios\/wp-json\/wp\/v2\/types\/product"}],"replies":[{"embeddable":true,"href":"https:\/\/www.agenciapyme.com\/centrodenegocios\/wp-json\/wp\/v2\/comments?post=890"}],"wp:featuredmedia":[{"embeddable":true,"href":"https:\/\/www.agenciapyme.com\/centrodenegocios\/wp-json\/wp\/v2\/media\/891"}],"wp:attachment":[{"href":"https:\/\/www.agenciapyme.com\/centrodenegocios\/wp-json\/wp\/v2\/media?parent=890"}],"wp:term":[{"taxonomy":"product_brand","embeddable":true,"href":"https:\/\/www.agenciapyme.com\/centrodenegocios\/wp-json\/wp\/v2\/product_brand?post=890"},{"taxonomy":"product_cat","embeddable":true,"href":"https:\/\/www.agenciapyme.com\/centrodenegocios\/wp-json\/wp\/v2\/product_cat?post=890"},{"taxonomy":"product_tag","embeddable":true,"href":"https:\/\/www.agenciapyme.com\/centrodenegocios\/wp-json\/wp\/v2\/product_tag?post=890"}],"curies":[{"name":"wp","href":"https:\/\/api.w.org\/{rel}","templated":true}]}}