{"id":832,"date":"2017-06-20T17:56:35","date_gmt":"2017-06-20T22:56:35","guid":{"rendered":"http:\/\/www.agenciapyme.com\/centrodenegocios\/?post_type=product&#038;p=832"},"modified":"2017-06-20T23:14:49","modified_gmt":"2017-06-21T04:14:49","slug":"cafe-tipicco-tradicional-x-12-libra-coffee-special-colombia-10-000","status":"publish","type":"product","link":"https:\/\/www.agenciapyme.com\/centrodenegocios\/product\/cafe-tipicco-tradicional-x-12-libra-coffee-special-colombia-10-000\/","title":{"rendered":"Caf\u00e9 Tipicco Tradicional X 1\/2 Libra  COFFEE SPECIAL COLOMBIA   $10.000"},"content":{"rendered":"<div id=\"comp-iyz7c8dj\" class=\"s_rdWRichTextSkin\" data-reactid=\".0.$SITE_ROOT.$desktop_siteRoot.$PAGES_CONTAINER.1.1.$SITE_PAGES.$axdf2_DESKTOP.1.$comp-iyz7c8a2.1.$comp-iyz7c8bu\/=1$comp-iyz7c8bu.1.$comp-iyz7c8dj\"><\/div>\n<div id=\"comp-iyz7c8dj\" class=\"s_rdWRichTextSkin\" data-reactid=\".0.$SITE_ROOT.$desktop_siteRoot.$PAGES_CONTAINER.1.1.$SITE_PAGES.$axdf2_DESKTOP.1.$comp-iyz7c8a2.1.$comp-iyz7c8bu\/=1$comp-iyz7c8bu.1.$comp-iyz7c8dj\">\n<div id=\"comp-iyz7c8djrichTextContainer\" class=\"s_rdWRichTextSkin_richTextContainer s_rdWRichTextSkinrichTextContainer\" data-reactid=\".0.$SITE_ROOT.$desktop_siteRoot.$PAGES_CONTAINER.1.1.$SITE_PAGES.$axdf2_DESKTOP.1.$comp-iyz7c8a2.1.$comp-iyz7c8bu\/=1$comp-iyz7c8bu.1.$comp-iyz7c8dj.0\">\n<p class=\"font_8\"><span class=\"color_33\"><em><strong>COFFEE SPECIAL COLOMBIA<\/strong><\/em>\u00a0<\/span>es una\u00a0empresa de Bogot\u00e1 dedicada a comercializar el mejor caf\u00e9 del Huila en sus diferentes presentaciones:\u00a0<span class=\"color_33\">Tradicional, Excelso y Gourmet.<\/span><\/p>\n<p class=\"font_8\"><span class=\"color_33\"><span class=\"wixGuard\">\u200b<\/span><\/span>Gracias a la uni\u00f3n de empresas de Neiva y Bogot\u00e1 traemos a ustedes el mejor caf\u00e9 de\u00a0Huila con el \u00e1nimo de dar a conocer nuestro producto y comercializarlo. Nuestros productos cuentan con registro sanitario Invima y respaldado por el sello DOP (Denominaci\u00f3n de Origen Protegido que certifica que es 100% colombiano). \u00a0Todos nuestros caf\u00e9s est\u00e1n\u00a0\u00a0avalados \u00a0por la Federaci\u00f3n Nacional de Cafeteros.<\/p>\n<p style=\"text-align: center;\"><strong>ESTOS SON NUESTROS SELLOS<\/strong><\/p>\n<p>\u00a0<img data-recalc-dims=\"1\" loading=\"lazy\" decoding=\"async\" class=\"wp-image-843 alignleft\" src=\"https:\/\/i0.wp.com\/www.agenciapyme.com\/centrodenegocios\/wp-content\/uploads\/2017\/06\/HACCP.jpg?resize=177%2C75\" alt=\"\" width=\"177\" height=\"75\" srcset=\"https:\/\/i0.wp.com\/www.agenciapyme.com\/centrodenegocios\/wp-content\/uploads\/2017\/06\/HACCP.jpg?resize=300%2C127&amp;ssl=1 300w, https:\/\/i0.wp.com\/www.agenciapyme.com\/centrodenegocios\/wp-content\/uploads\/2017\/06\/HACCP.jpg?w=580&amp;ssl=1 580w\" sizes=\"auto, (max-width: 177px) 100vw, 177px\" \/>\u00a0<img data-recalc-dims=\"1\" loading=\"lazy\" decoding=\"async\" class=\"wp-image-845 alignleft\" src=\"https:\/\/i0.wp.com\/www.agenciapyme.com\/centrodenegocios\/wp-content\/uploads\/2017\/06\/ISO2004.jpg?resize=189%2C75\" alt=\"\" width=\"189\" height=\"75\" srcset=\"https:\/\/i0.wp.com\/www.agenciapyme.com\/centrodenegocios\/wp-content\/uploads\/2017\/06\/ISO2004.jpg?resize=300%2C119&amp;ssl=1 300w, https:\/\/i0.wp.com\/www.agenciapyme.com\/centrodenegocios\/wp-content\/uploads\/2017\/06\/ISO2004.jpg?w=519&amp;ssl=1 519w\" sizes=\"auto, (max-width: 189px) 100vw, 189px\" \/><img data-recalc-dims=\"1\" loading=\"lazy\" decoding=\"async\" class=\"wp-image-844 alignleft\" src=\"https:\/\/i0.wp.com\/www.agenciapyme.com\/centrodenegocios\/wp-content\/uploads\/2017\/06\/ISO205.jpg?resize=209%2C75\" alt=\"\" width=\"209\" height=\"75\" srcset=\"https:\/\/i0.wp.com\/www.agenciapyme.com\/centrodenegocios\/wp-content\/uploads\/2017\/06\/ISO205.jpg?resize=300%2C108&amp;ssl=1 300w, https:\/\/i0.wp.com\/www.agenciapyme.com\/centrodenegocios\/wp-content\/uploads\/2017\/06\/ISO205.jpg?w=532&amp;ssl=1 532w\" sizes=\"auto, (max-width: 209px) 100vw, 209px\" \/>\u00a0\u00a0<img data-recalc-dims=\"1\" loading=\"lazy\" decoding=\"async\" class=\"wp-image-846 alignleft\" src=\"https:\/\/i0.wp.com\/www.agenciapyme.com\/centrodenegocios\/wp-content\/uploads\/2017\/06\/ISO2007.jpg?resize=178%2C79\" alt=\"\" width=\"178\" height=\"79\" srcset=\"https:\/\/i0.wp.com\/www.agenciapyme.com\/centrodenegocios\/wp-content\/uploads\/2017\/06\/ISO2007.jpg?resize=300%2C134&amp;ssl=1 300w, https:\/\/i0.wp.com\/www.agenciapyme.com\/centrodenegocios\/wp-content\/uploads\/2017\/06\/ISO2007.jpg?w=491&amp;ssl=1 491w\" sizes=\"auto, (max-width: 178px) 100vw, 178px\" \/>\u00a0<img data-recalc-dims=\"1\" loading=\"lazy\" decoding=\"async\" class=\"wp-image-847 alignleft\" src=\"https:\/\/i0.wp.com\/www.agenciapyme.com\/centrodenegocios\/wp-content\/uploads\/2017\/06\/ISO2008.jpg?resize=182%2C77\" alt=\"\" width=\"182\" height=\"77\" srcset=\"https:\/\/i0.wp.com\/www.agenciapyme.com\/centrodenegocios\/wp-content\/uploads\/2017\/06\/ISO2008.jpg?resize=300%2C127&amp;ssl=1 300w, https:\/\/i0.wp.com\/www.agenciapyme.com\/centrodenegocios\/wp-content\/uploads\/2017\/06\/ISO2008.jpg?w=514&amp;ssl=1 514w\" sizes=\"auto, (max-width: 182px) 100vw, 182px\" \/><img data-recalc-dims=\"1\" loading=\"lazy\" decoding=\"async\" class=\"alignleft wp-image-842\" src=\"https:\/\/i0.wp.com\/www.agenciapyme.com\/centrodenegocios\/wp-content\/uploads\/2017\/06\/basc.jpg?resize=116%2C111\" alt=\"\" width=\"116\" height=\"111\" \/><\/p>\n<\/div>\n<\/div>\n<p>&nbsp;<\/p>\n<p>&nbsp;<\/p>\n<p>&nbsp;<\/p>\n<p>&nbsp;<\/p>\n<p>&nbsp;<\/p>\n<p>&nbsp;<\/p>\n<p>&nbsp;<\/p>\n<p style=\"text-align: center;\"><strong>OFRECEMOS CAF\u00c9 CON ESTAS CERTIFICACIONES INTERNACIONALES<\/strong><\/p>\n<p>&nbsp;<\/p>\n<p><img data-recalc-dims=\"1\" loading=\"lazy\" decoding=\"async\" class=\"aligncenter wp-image-849 \" src=\"https:\/\/i0.wp.com\/www.agenciapyme.com\/centrodenegocios\/wp-content\/uploads\/2017\/06\/logos-agencias-certificadoras.png?resize=535%2C123\" alt=\"\" width=\"535\" height=\"123\" srcset=\"https:\/\/i0.wp.com\/www.agenciapyme.com\/centrodenegocios\/wp-content\/uploads\/2017\/06\/logos-agencias-certificadoras.png?w=902&amp;ssl=1 902w, https:\/\/i0.wp.com\/www.agenciapyme.com\/centrodenegocios\/wp-content\/uploads\/2017\/06\/logos-agencias-certificadoras.png?resize=300%2C69&amp;ssl=1 300w, https:\/\/i0.wp.com\/www.agenciapyme.com\/centrodenegocios\/wp-content\/uploads\/2017\/06\/logos-agencias-certificadoras.png?resize=768%2C177&amp;ssl=1 768w\" sizes=\"auto, (max-width: 535px) 100vw, 535px\" \/><\/p>\n<p>&nbsp;<\/p>\n<p><strong>P\u00c1GINA WEB<\/strong>:\u00a0<a href=\"https:\/\/coffeespecialco.wixsite.com\/coffeespecialco\" target=\"_blank\" rel=\"noopener\">www.coffeespecialco.wixsite.com\/coffeespecialco<\/a><\/p>\n<p>&nbsp;<\/p>\n<p style=\"text-align: center;\"><strong><span data-toggle=\"tooltip\"  rel=\"tooltip\" data-placement=\"top\" title=\"SEBASTI\u00c1N G\u00d3MEZ, Celular: 3103286306  correo: coffeespecialcolombia@gmail.com\">INFORMACI\u00d3N DE CONTACTO<\/span><\/strong><\/p>\n<p>&nbsp;<\/p>\n<p>&nbsp;<\/p>\n<p>&nbsp;<\/p>\n","protected":false},"excerpt":{"rendered":"<p>Caf\u00e9 de menor granometr\u00eda, con notas arom\u00e1ticas dulces, frutales, acidez alta, cuerpo medio, sabor limpio. Malla 14.<\/p>\n<p><strong><em>Coffee Special Colombia<\/em><\/strong>, ofrece estos productos para ser comercializados a nivel nacional e internacional.\u00a0Para las personas residentes en Bogot\u00e1 que deseen hacer pedidos, el envi\u00f3 a casa es sin cost\u00f3 adicional. Hacemos ventas al por mayor para distribuci\u00f3n en tiendas o supermercados.<\/p>\n<p style=\"text-align: center;\"><strong>[tcbdtooltip_text title=\"SEBASTI\u00c1N G\u00d3MEZ, Celular: 3103286306 \u00a0correo: coffeespecialcolombia@gmail.com\" place=\"top\"]INFORMACI\u00d3N DE CONTACTO[\/tcbdtooltip_text]<\/strong><\/p>\n","protected":false},"featured_media":833,"comment_status":"open","ping_status":"closed","template":"","meta":{"jetpack_post_was_ever_published":false,"jetpack_publicize_message":"","jetpack_publicize_feature_enabled":true,"jetpack_social_post_already_shared":false,"jetpack_social_options":{"image_generator_settings":{"template":"highway","enabled":false},"version":2}},"product_brand":[],"product_cat":[24],"product_tag":[63,323,300,62,322,321,320,27,318],"class_list":{"0":"post-832","1":"product","2":"type-product","3":"status-publish","4":"has-post-thumbnail","6":"product_cat-cafes","7":"product_tag-bebidas-calientes","8":"product_tag-bogota","9":"product_tag-cafe-tradicional","10":"product_tag-cafes","11":"product_tag-coffee-special-colombia","12":"product_tag-huila","13":"product_tag-neiva","14":"product_tag-taza-de-cafe","15":"product_tag-tipicco","17":"first","18":"instock","19":"shipping-taxable","20":"product-type-simple"},"jetpack_publicize_connections":[],"jetpack_sharing_enabled":true,"_links":{"self":[{"href":"https:\/\/www.agenciapyme.com\/centrodenegocios\/wp-json\/wp\/v2\/product\/832","targetHints":{"allow":["GET"]}}],"collection":[{"href":"https:\/\/www.agenciapyme.com\/centrodenegocios\/wp-json\/wp\/v2\/product"}],"about":[{"href":"https:\/\/www.agenciapyme.com\/centrodenegocios\/wp-json\/wp\/v2\/types\/product"}],"replies":[{"embeddable":true,"href":"https:\/\/www.agenciapyme.com\/centrodenegocios\/wp-json\/wp\/v2\/comments?post=832"}],"wp:featuredmedia":[{"embeddable":true,"href":"https:\/\/www.agenciapyme.com\/centrodenegocios\/wp-json\/wp\/v2\/media\/833"}],"wp:attachment":[{"href":"https:\/\/www.agenciapyme.com\/centrodenegocios\/wp-json\/wp\/v2\/media?parent=832"}],"wp:term":[{"taxonomy":"product_brand","embeddable":true,"href":"https:\/\/www.agenciapyme.com\/centrodenegocios\/wp-json\/wp\/v2\/product_brand?post=832"},{"taxonomy":"product_cat","embeddable":true,"href":"https:\/\/www.agenciapyme.com\/centrodenegocios\/wp-json\/wp\/v2\/product_cat?post=832"},{"taxonomy":"product_tag","embeddable":true,"href":"https:\/\/www.agenciapyme.com\/centrodenegocios\/wp-json\/wp\/v2\/product_tag?post=832"}],"curies":[{"name":"wp","href":"https:\/\/api.w.org\/{rel}","templated":true}]}}