{"id":543,"date":"2017-03-04T12:24:43","date_gmt":"2017-03-04T17:24:43","guid":{"rendered":"https:\/\/agenciapyme.com\/centrodenegocios\/?post_type=product&#038;p=543"},"modified":"2017-03-14T18:21:49","modified_gmt":"2017-03-14T23:21:49","slug":"curcuma-organica-bolsa-500grs-avida-50-000","status":"publish","type":"product","link":"https:\/\/www.agenciapyme.com\/centrodenegocios\/product\/curcuma-organica-bolsa-500grs-avida-50-000\/","title":{"rendered":"C\u00farcuma Org\u00e1nica  Bolsa 500grs  AVIDA   $50.000"},"content":{"rendered":"<p><em><strong>Propiedades de la c\u00farcuma<\/strong><\/em>: Analg\u00e9sica. Antibacteriana. Anticancer\u00edgena. Anticoagulante. Antihistam\u00ednica. Antiinflamatoria. Antioxidante. Antiparasitaria. Antis\u00e9ptica. Antiv\u00edrica. Carminativa. Cicatrizante. Colagoga (facilita el vaciado de la ves\u00edcula biliar). Coler\u00e9tica (favorece la producci\u00f3n de bilis). Diur\u00e9tica. Estimulante de las secreciones biliares. Expectorante. Fungicida. Hepatoprotectora. Hipocolesterolemiante. Tonificante.<\/p>\n<p><em><strong>La c\u00farcuma es \u00fatil, entre otras dolencias, en casos de:\u00a0<\/strong><\/em>\u00a0Alzheimer. Amenorrea. Arteriosclerosis. Artritis. Asma bronquial. C\u00e1ncer. Cataratas. Dermatitis. Desgarros musculares. Diabetes. Diarrea. Dismenorrea. Dispepsias hiper o hiposecretoras. Dolor menstrual. Dolores musculares y articulares. Eczema. Enfermedad inflamatoria intestinal. Enfermedades autoinmunes. Enfermedades cardiovasculares. Esguinces. Gastritis cr\u00f3nica. Gripe. Hepatitis A, B y C. Heridas. Hongos. Infecciones en general. Malas digestiones. Meteorismo y flatulencia. Osteoartritis. Problemas hep\u00e1ticos o biliares. Prostatitis. -Psoriasis. Resfriados. Tendinitis. \u00dalceras p\u00e9pticas. Uveitis ocular. <em>Fuente: Revista virtual DISCOVERY SALUD<\/em><\/p>\n<p><em><strong>Presentaciones<\/strong><\/em>:<\/p>\n<p>Frasco por 40 gramos con tapa tipo salero condimentero Frasco por 120 gramos Bolsa por 500 gramo. El valor publicado, no incluye IVA \u00a0de 19%.<\/p>\n<p><strong>Asociaci\u00f3n Vichade\u00f1a para el Desarrollo Agropecuario, AVIDA<\/strong>, \u00a0es una entidad sin \u00e1nimo de lucro, creada \u00a0en el a\u00f1o 2004,por los habitantes de la vereda Nazareth y otras circunvecinas del municipio de Santa Rosal\u00eda, Vichada. Con el objeto de trabajar por la calidad de vida de sus asociados, a trav\u00e9s del establecimiento de cadenas productivas que aumenten y mejoren sus ingresos. Todo esto dentro de un marco de armon\u00eda entre sus participantes y su entorno natural, promoviendo los valores humanos, familiares, \u00e9tnicos y culturales de nuestra regi\u00f3n y de nuestro gran pa\u00eds.<\/p>\n<p>Direcci\u00f3n: Vereda Nazareth, Santa Rosal\u00eda, Departamento del Vichada, Colombia<\/p>\n<p><center><iframe loading=\"lazy\" src=\"https:\/\/www.google.com\/maps\/embed?pb=!1m18!1m12!1m3!1d15895.212471844574!2d-70.87246622979457!3d5.135380940370749!2m3!1f0!2f0!3f0!3m2!1i1024!2i768!4f13.1!3m3!1m2!1s0x8e6d14ff543dbeef%3A0xe62f3da671ae5a6a!2sSanta+Rosal%C3%ADa%2C+Vichada!5e0!3m2!1ses-419!2sco!4v1488586197103\" width=\"560\" height=\"315\" frameborder=\"0\" allowfullscreen=\"allowfullscreen\"><\/iframe><\/center><center><\/center><center><\/center><center><\/center><center><\/center>\u00a0Publicaciones Anteriores:\u00a0<a href=\"http:\/\/www.agenciapyme.com\/2017\/02\/28\/proyecto-innovador-quiere-empezar-en-el-vichada-la-permacultura-y-el-pastoreo-voisin\/\" target=\"_blank\">http:\/\/www.agenciapyme.com\/2017\/02\/28\/proyecto-innovador-quiere-empezar-en-el-vichada-la-permacultura-y-el-pastoreo-voisin\/<\/a><\/p>\n<p style=\"text-align: center;\"><strong><span data-toggle=\"tooltip\"  rel=\"tooltip\" data-placement=\"top\" title=\"ILDA BECERRA celular 3102868418, correo: avida.vichada@gmail.com, Vereda Nazareth, municipio Santa Rosal\u00eda, departamento del Vichada, Colombia\">INFORMACI\u00d3N DE CONTACTO<\/span><\/strong><\/p>\n","protected":false},"excerpt":{"rendered":"<p><em><strong>Descripci\u00f3n C\u00farcuma:\u00a0<\/strong><\/em>Polvo de los rizomas de c\u00farcuma (C\u00farcuma Longa) que es una planta de la familia del Jengibre (kion), las Zingiberaceas. Es una planta vivaz rizomatosa, con hojas grandes alargadas con nerviaciones paralelas y flores zigomorfas blancas con p\u00e9talos de un intenso color amarillo.<\/p>\n<p><em><strong>Usos:\u00a0<\/strong><\/em>Colorante alimenticio natural. Condimento o especia formando parte integrante de la mezcla conocida como curry. Medicinal ya que previene y cura muchas enfermedades<\/p>\n<p><em><strong>Modo de empleo:\u00a0<\/strong><\/em>Aplicar a los alimentos como un condimento en el proceso de preparaci\u00f3n. Aplicar a los alimentos ya preparados, esparci\u00e9ndolo en sopas, ensaladas, etc. Tomarlo directamente poniendo un poco en una cucharita y pasarlo con agua.<\/p>\n<p>AVIDA, ofrece estos productos con el \u00e1nimo de concretar alianzas empresariales, para crear canales de comercializaci\u00f3n nacionales e internacionales.<\/p>\n","protected":false},"featured_media":538,"comment_status":"open","ping_status":"closed","template":"","meta":{"jetpack_post_was_ever_published":false,"jetpack_publicize_message":"","jetpack_publicize_feature_enabled":true,"jetpack_social_post_already_shared":false,"jetpack_social_options":{"image_generator_settings":{"template":"highway","enabled":false},"version":2}},"product_brand":[],"product_cat":[189,28],"product_tag":[174,180,179,176,177],"class_list":{"0":"post-543","1":"product","2":"type-product","3":"status-publish","4":"has-post-thumbnail","6":"product_cat-hierbas-condimentos-y-especias","7":"product_cat-productos-naturales","8":"product_tag-avida","9":"product_tag-condimentos","10":"product_tag-curcuma","11":"product_tag-producto-natural","12":"product_tag-vichada","14":"first","15":"instock","16":"shipping-taxable","17":"product-type-simple"},"jetpack_publicize_connections":[],"jetpack_sharing_enabled":true,"_links":{"self":[{"href":"https:\/\/www.agenciapyme.com\/centrodenegocios\/wp-json\/wp\/v2\/product\/543","targetHints":{"allow":["GET"]}}],"collection":[{"href":"https:\/\/www.agenciapyme.com\/centrodenegocios\/wp-json\/wp\/v2\/product"}],"about":[{"href":"https:\/\/www.agenciapyme.com\/centrodenegocios\/wp-json\/wp\/v2\/types\/product"}],"replies":[{"embeddable":true,"href":"https:\/\/www.agenciapyme.com\/centrodenegocios\/wp-json\/wp\/v2\/comments?post=543"}],"wp:featuredmedia":[{"embeddable":true,"href":"https:\/\/www.agenciapyme.com\/centrodenegocios\/wp-json\/wp\/v2\/media\/538"}],"wp:attachment":[{"href":"https:\/\/www.agenciapyme.com\/centrodenegocios\/wp-json\/wp\/v2\/media?parent=543"}],"wp:term":[{"taxonomy":"product_brand","embeddable":true,"href":"https:\/\/www.agenciapyme.com\/centrodenegocios\/wp-json\/wp\/v2\/product_brand?post=543"},{"taxonomy":"product_cat","embeddable":true,"href":"https:\/\/www.agenciapyme.com\/centrodenegocios\/wp-json\/wp\/v2\/product_cat?post=543"},{"taxonomy":"product_tag","embeddable":true,"href":"https:\/\/www.agenciapyme.com\/centrodenegocios\/wp-json\/wp\/v2\/product_tag?post=543"}],"curies":[{"name":"wp","href":"https:\/\/api.w.org\/{rel}","templated":true}]}}