{"id":482,"date":"2017-02-09T15:47:28","date_gmt":"2017-02-09T20:47:28","guid":{"rendered":"https:\/\/agenciapyme.com\/centrodenegocios\/?post_type=product&#038;p=482"},"modified":"2017-02-09T15:47:28","modified_gmt":"2017-02-09T20:47:28","slug":"pasadia-ecologico-natural-extreme-travel-40-000","status":"publish","type":"product","link":"https:\/\/www.agenciapyme.com\/centrodenegocios\/product\/pasadia-ecologico-natural-extreme-travel-40-000\/","title":{"rendered":"Pasadia Ecol\u00f3gico  NATURAL EXTREME TRAVEL   $40.000"},"content":{"rendered":"<p>&nbsp;<\/p>\n<p><span style=\"color: #008000;\"><em><strong>PASADIA \u00a0ECOLOGICO<\/strong><\/em><\/span><\/p>\n<p style=\"text-align: justify;\">En los alrededores de Bogot\u00e1 existe una gran cantidad de lugares, \u00a0en los que se puede descansar de la congesti\u00f3n de la ciudad y relajarse con la naturaleza. A tan solo dos horas de camino y si de aventura se trata y de deleitarse con el paisaje,\u00a0<strong><em>NATURAL EXTREME TRAVEL<\/em> <\/strong>tiene para ustedes un territorio ideal lleno de quebradas y cascadas en el hermoso municipio de Nimaima, Cundinamarca. Al desplazarse por la zona se hayan diferentes recorridos sumergidos en el verde que te quiero verde del bosque tropical y en las aguas depositadas en pozos tallados en las rocas por el paso del agua a trav\u00e9s de los a\u00f1os. Inundada por la magia que establecen los r\u00edos Negro y Pinzaima, esta regi\u00f3n se ha ido convirtiendo en lugar obligado para las personas que desean hacer algo diferente el fin de semana.<\/p>\n<p>Pasadia Ecologico que ofrecemos incluye:<\/p>\n<p><span style=\"color: #008000;\"><strong>CAMINATA.<\/strong><\/span><\/p>\n<p style=\"text-align: justify;\">En un saludable plan se convierten las Eco-Traves\u00edas por diferentes parajes naturales ubicados en los alrededores de nuestro municipio de Nimaima, Cundinamarca, convirti\u00e9ndose en verdaderos para\u00edsos rodeados de aire puro, bosques, exuberante vegetaci\u00f3n y cristalinas fuentes de agua.<\/p>\n<p style=\"text-align: justify;\">Esta actividad, adem\u00e1s de ser reconfortante y provechosa para el cuerpo y la salud, sirve para que las personas conozcan de cerca todo el patrimonio natural y de paso, aprendan a defender la naturaleza que los rodea.<\/p>\n<p style=\"text-align: justify;\">Planteamos una serie de rutas apropiadas para cualquier tipo de caminante generando recorridos de esfuerzo variado y en varios terrenos, pasando por caminos de herradura, cultivos, bosques y lechos de quebradas, esta caminata tiene un recorrido aproximado de 2 horas.<\/p>\n<p><strong><em>Como llegar a Nimaima, Cundinamarca<\/em><\/strong>.<\/p>\n<p><center><iframe loading=\"lazy\" src=\"https:\/\/www.google.com\/maps\/embed?pb=!1m18!1m12!1m3!1d3973.858736485611!2d-74.38773868565272!3d5.126449996279626!2m3!1f0!2f0!3f0!3m2!1i1024!2i768!4f13.1!3m3!1m2!1s0x8e408deec30405eb%3A0xac561fb9cb74c1c1!2sNimaima%2C+Cundinamarca!5e0!3m2!1ses!2sco!4v1486655777188\" width=\"560\" height=\"315\" frameborder=\"0\" allowfullscreen=\"allowfullscreen\"><\/iframe><\/center><center><\/center><center>V\u00cdDEO DE LA ACTIVIDAD<\/center><center><span style=\"color: #0000ff;\"><b>\u00a0<\/b><\/span><\/p>\n<p><iframe loading=\"lazy\" src=\"https:\/\/www.youtube.com\/embed\/EUs9JpusHUo\" width=\"560\" height=\"315\" frameborder=\"0\" allowfullscreen=\"allowfullscreen\"><\/iframe><\/p>\n<p><\/center><center><\/center><center><\/center><em><strong>PUBLICACIONES ANTERIORES<\/strong><\/em>:\u00a0<a href=\"http:\/\/www.agenciapyme.com\/2017\/01\/23\/turismo-de-aventura-en-las-goteras-de-bogota\/\" target=\"_blank\">http:\/\/www.agenciapyme.com\/2017\/01\/23\/turismo-de-aventura-en-las-goteras-de-bogota\/<\/a><\/p>\n<p><strong><em>MAYOR INFORMACI\u00d3N<\/em><\/strong>:\u00a0<a href=\"http:\/\/www.naturalextremetravel.com\" target=\"_blank\">http:\/\/www.naturalextremetravel.com<\/a><\/p>\n<p style=\"text-align: center;\"><strong><span data-toggle=\"tooltip\"  rel=\"tooltip\" data-placement=\"top\" title=\"YUDY PEDRAZA, tel\u00e9fono fijo: 57 2383220, celular: 3132085176 \/ 3162415106, correo: naturalextremetravel@gmail.com, Nimaima, Cundinamarca, Colombia.\">INFORMACI\u00d3N DE CONTACTO<\/span><\/strong><\/p>\n","protected":false},"excerpt":{"rendered":"<p style=\"text-align: justify;\">En nuestra sede La GRANJA DE LA T\u00cdA LOLO encontrara un lugar pensado para descansar y divertirse, ubicada en uno de los paisajes m\u00e1s hermosos de Cundinamarca y contando con uno de los mejores climas del mundo se convierte en una excelente y educativa alternativa para escapar del estr\u00e9s e interactuar con la naturaleza.<br \/>\nEs un espacio creado para que el visitante conozca de cerca la belleza de la fauna y flora propia de la regi\u00f3n, adem\u00e1s de su aprovechamiento en la gastronom\u00eda y econom\u00eda del campo y la ciudad.<\/p>\n<p style=\"text-align: justify;\">la granja dispone del servicio de piscina, bar, restaurante,\u00a0y sin costo alguno, para el goce suyo y de su familia de parqueaderos, juegos aut\u00f3ctonos como rana, mini tejo, tejo, cancha de voleibol, parque infantil, juegos de mesa, m\u00fasica y pista de baile.<\/p>\n<table>\n<tbody>\n<tr>\n<td width=\"378\"><span style=\"color: #0000ff;\"><strong>ACTIVIDAD<\/strong><\/span><\/td>\n<\/tr>\n<tr>\n<td width=\"378\"><span><strong><span style=\"color: #0000ff;\">CAMINATA ECOL\u00d3GICA\u00a0POR EL LECHO DE LA QUEBRADA DEL TIGRE, RECORRIDO APROXIMADO DE 2 HORAS<\/span><\/strong><\/span><\/td>\n<\/tr>\n<tr>\n<td width=\"378\"><span style=\"color: #0000ff;\"><strong>ALMUERZO EJECUTIVO<\/strong><\/span><\/p>\n<p><span style=\"color: #0000ff;\">Sopa, bandeja con carne o pollo, arroz, papa y ensalada de la casa y jugo natural<\/span><\/td>\n<\/tr>\n<tr>\n<td width=\"378\"><span style=\"color: #0000ff;\"><strong>PISCINA<\/strong><\/span><\/td>\n<\/tr>\n<\/tbody>\n<\/table>\n<p><span style=\"color: #0000ff;\"><b>COSTO POR PERSONA $ 40.000<\/b><\/span><\/p>\n","protected":false},"featured_media":487,"comment_status":"open","ping_status":"closed","template":"","meta":{"jetpack_post_was_ever_published":false,"jetpack_publicize_message":"","jetpack_publicize_feature_enabled":true,"jetpack_social_post_already_shared":false,"jetpack_social_options":{"image_generator_settings":{"template":"highway","enabled":false},"version":2}},"product_brand":[],"product_cat":[137],"product_tag":[143,146,140,150,151,148],"class_list":{"0":"post-482","1":"product","2":"type-product","3":"status-publish","4":"has-post-thumbnail","6":"product_cat-paquetes-turisticos","7":"product_tag-aventura","8":"product_tag-caminatas-ecologicas","9":"product_tag-natural-extreme-travel","10":"product_tag-pasadia-ecologico","11":"product_tag-paseos-en-familia","12":"product_tag-piscina","14":"first","15":"instock","16":"shipping-taxable","17":"product-type-simple"},"jetpack_publicize_connections":[],"jetpack_sharing_enabled":true,"_links":{"self":[{"href":"https:\/\/www.agenciapyme.com\/centrodenegocios\/wp-json\/wp\/v2\/product\/482","targetHints":{"allow":["GET"]}}],"collection":[{"href":"https:\/\/www.agenciapyme.com\/centrodenegocios\/wp-json\/wp\/v2\/product"}],"about":[{"href":"https:\/\/www.agenciapyme.com\/centrodenegocios\/wp-json\/wp\/v2\/types\/product"}],"replies":[{"embeddable":true,"href":"https:\/\/www.agenciapyme.com\/centrodenegocios\/wp-json\/wp\/v2\/comments?post=482"}],"wp:featuredmedia":[{"embeddable":true,"href":"https:\/\/www.agenciapyme.com\/centrodenegocios\/wp-json\/wp\/v2\/media\/487"}],"wp:attachment":[{"href":"https:\/\/www.agenciapyme.com\/centrodenegocios\/wp-json\/wp\/v2\/media?parent=482"}],"wp:term":[{"taxonomy":"product_brand","embeddable":true,"href":"https:\/\/www.agenciapyme.com\/centrodenegocios\/wp-json\/wp\/v2\/product_brand?post=482"},{"taxonomy":"product_cat","embeddable":true,"href":"https:\/\/www.agenciapyme.com\/centrodenegocios\/wp-json\/wp\/v2\/product_cat?post=482"},{"taxonomy":"product_tag","embeddable":true,"href":"https:\/\/www.agenciapyme.com\/centrodenegocios\/wp-json\/wp\/v2\/product_tag?post=482"}],"curies":[{"name":"wp","href":"https:\/\/api.w.org\/{rel}","templated":true}]}}