{"id":290,"date":"2017-02-02T11:13:24","date_gmt":"2017-02-02T16:13:24","guid":{"rendered":"https:\/\/agenciapyme.com\/centrodenegocios\/?post_type=product&#038;p=290"},"modified":"2017-02-02T17:11:35","modified_gmt":"2017-02-02T22:11:35","slug":"cafe-de-finca-bolsa-de-1-libra-cultura-pijao-9-000","status":"publish","type":"product","link":"https:\/\/www.agenciapyme.com\/centrodenegocios\/product\/cafe-de-finca-bolsa-de-1-libra-cultura-pijao-9-000\/","title":{"rendered":"Caf\u00e9 de Finca Bolsa de 1 Libra CULTURA PIJAO   $9.000"},"content":{"rendered":"<p><strong>CULTURA PIJAO DEL TOLIMA<\/strong>, es una empresa que produce, transforma y comercializa \u00a0caf\u00e9 \u00a0de alta calidad 100% colombiano. En fincas de origen; Norte (L\u00edbano), Centro (Ibagu\u00e9) y Sur (Ataco) del Tolima. Adem\u00e1s presta el servicio de maquila a peque\u00f1os caficultores. En su trayectoria Cultura Pijao del Tolima, ha obtenido el reconocimiento de la Alcald\u00eda de Ibagu\u00e9, el gobierno de Corea y el PNUD de Naciones Unidas con el premio &#8220;Clic Por Un Sue\u00f1o&#8221;. As\u00ed como el premio otorgado por Colciencias y la C\u00e1mara de Comercio de Ibagu\u00e9. Desde el proceso de sembrado de semilla, hasta el empaque del producto, son las manos de campesinas cabeza de familia las encargadas de darle vida a la bebida emblema del pa\u00eds.<\/p>\n<p><strong>PUBLICACIONES ANTERIORES<\/strong>:\u00a0<a href=\"http:\/\/www.agenciapyme.com\/2017\/01\/30\/cultura-pijao-no-solo-es-buen-cafe-tambien-es-innovacion-y-aporte-social-al-pais-agenciapyme\/\" target=\"_blank\">http:\/\/www.agenciapyme.com\/2017\/01\/30\/cultura-pijao-no-solo-es-buen-cafe-tambien-es-innovacion-y-aporte-social-al-pais-agenciapyme\/<\/a><\/p>\n<p>Calle 35 A #3-09 Barrio Departamental<\/p>\n<p><center><iframe loading=\"lazy\" src=\"https:\/\/www.google.com\/maps\/embed?pb=!1m18!1m12!1m3!1d3977.895880126427!2d-75.2225453859801!3d4.430490945176689!2m3!1f0!2f0!3f0!3m2!1i1024!2i768!4f13.1!3m3!1m2!1s0x8e38c4c1be03d53d%3A0x91ed22f457e31acf!2sCl.+35+Bis+%233a-2%2C+Ibagu%C3%A9%2C+Tolima!5e0!3m2!1ses!2sco!4v1485649057151\" width=\"560\" height=\"315\" frameborder=\"0\" allowfullscreen=\"allowfullscreen\"><\/iframe><\/center><center><\/center><center><\/center><center><strong><span data-toggle=\"tooltip\"  rel=\"tooltip\" data-placement=\"top\" title=\"JENNY CATALINA AMAYA, celular 3138013066 \/ 3214569319 correo: catacafeespecial@hotmail.com, Carrera 3 # 33 C 93 \/ Calle 35 A # 3 - 09 Barrio Departamental, Ibagu\u00e9, Tolima\">INFORMACI\u00d3N DE CONTACTO<\/span><\/strong><\/center>&nbsp;<\/p>\n","protected":false},"excerpt":{"rendered":"<p><strong>Cultura Pijao del Tolima<\/strong>, \u00a0ofrece el servicio de maquila a peque\u00f1os caficultores as\u00ed como descuentos especiales para personas que deseen comercializar sus productos o compren al por mayor.<\/p>\n","protected":false},"featured_media":291,"comment_status":"open","ping_status":"closed","template":"","meta":{"jetpack_post_was_ever_published":false,"jetpack_publicize_message":"","jetpack_publicize_feature_enabled":true,"jetpack_social_post_already_shared":false,"jetpack_social_options":{"image_generator_settings":{"template":"highway","enabled":false},"version":2}},"product_brand":[],"product_cat":[24],"product_tag":[63,66,62,26,27],"class_list":{"0":"post-290","1":"product","2":"type-product","3":"status-publish","4":"has-post-thumbnail","6":"product_cat-cafes","7":"product_tag-bebidas-calientes","8":"product_tag-cafe-de-finca","9":"product_tag-cafes","10":"product_tag-cultura-pijao-del-tolima","11":"product_tag-taza-de-cafe","13":"first","14":"instock","15":"shipping-taxable","16":"product-type-simple"},"jetpack_publicize_connections":[],"jetpack_sharing_enabled":true,"_links":{"self":[{"href":"https:\/\/www.agenciapyme.com\/centrodenegocios\/wp-json\/wp\/v2\/product\/290","targetHints":{"allow":["GET"]}}],"collection":[{"href":"https:\/\/www.agenciapyme.com\/centrodenegocios\/wp-json\/wp\/v2\/product"}],"about":[{"href":"https:\/\/www.agenciapyme.com\/centrodenegocios\/wp-json\/wp\/v2\/types\/product"}],"replies":[{"embeddable":true,"href":"https:\/\/www.agenciapyme.com\/centrodenegocios\/wp-json\/wp\/v2\/comments?post=290"}],"wp:featuredmedia":[{"embeddable":true,"href":"https:\/\/www.agenciapyme.com\/centrodenegocios\/wp-json\/wp\/v2\/media\/291"}],"wp:attachment":[{"href":"https:\/\/www.agenciapyme.com\/centrodenegocios\/wp-json\/wp\/v2\/media?parent=290"}],"wp:term":[{"taxonomy":"product_brand","embeddable":true,"href":"https:\/\/www.agenciapyme.com\/centrodenegocios\/wp-json\/wp\/v2\/product_brand?post=290"},{"taxonomy":"product_cat","embeddable":true,"href":"https:\/\/www.agenciapyme.com\/centrodenegocios\/wp-json\/wp\/v2\/product_cat?post=290"},{"taxonomy":"product_tag","embeddable":true,"href":"https:\/\/www.agenciapyme.com\/centrodenegocios\/wp-json\/wp\/v2\/product_tag?post=290"}],"curies":[{"name":"wp","href":"https:\/\/api.w.org\/{rel}","templated":true}]}}