{"id":1178,"date":"2017-10-19T14:49:30","date_gmt":"2017-10-19T19:49:30","guid":{"rendered":"http:\/\/www.agenciapyme.com\/centrodenegocios\/?post_type=product&#038;p=1178"},"modified":"2017-10-20T22:32:24","modified_gmt":"2017-10-21T03:32:24","slug":"desayunos-sorpresa-personalizados-ref-cumpleanos-moi-moi-70-000","status":"publish","type":"product","link":"https:\/\/www.agenciapyme.com\/centrodenegocios\/product\/desayunos-sorpresa-personalizados-ref-cumpleanos-moi-moi-70-000\/","title":{"rendered":"Desayunos Sorpresa Personalizados Ref. Cumplea\u00f1os  MOI MOI   $70.000"},"content":{"rendered":"<p><b><img data-recalc-dims=\"1\" loading=\"lazy\" decoding=\"async\" class=\"wp-image-1168 alignleft\" src=\"https:\/\/i0.wp.com\/www.agenciapyme.com\/centrodenegocios\/wp-content\/uploads\/2017\/10\/logo.png?resize=134%2C134\" alt=\"\" width=\"134\" height=\"134\" srcset=\"https:\/\/i0.wp.com\/www.agenciapyme.com\/centrodenegocios\/wp-content\/uploads\/2017\/10\/logo.png?resize=150%2C150&amp;ssl=1 150w, https:\/\/i0.wp.com\/www.agenciapyme.com\/centrodenegocios\/wp-content\/uploads\/2017\/10\/logo.png?resize=180%2C180&amp;ssl=1 180w, https:\/\/i0.wp.com\/www.agenciapyme.com\/centrodenegocios\/wp-content\/uploads\/2017\/10\/logo.png?resize=300%2C300&amp;ssl=1 300w, https:\/\/i0.wp.com\/www.agenciapyme.com\/centrodenegocios\/wp-content\/uploads\/2017\/10\/logo.png?resize=600%2C600&amp;ssl=1 600w, https:\/\/i0.wp.com\/www.agenciapyme.com\/centrodenegocios\/wp-content\/uploads\/2017\/10\/logo.png?resize=400%2C400&amp;ssl=1 400w\" sizes=\"auto, (max-width: 134px) 100vw, 134px\" \/><\/b><\/p>\n<p>&nbsp;<\/p>\n<p>&nbsp;<\/p>\n<p><b>MOI MOI <\/b>es una empresa que traduce la esencia de cada persona en un detalle, en un recordatorio y\/o en un evento, contando historias m\u00e1gicas y llenas de amor. Elaboramos\u00a0detalles personalizados a mano, con dise\u00f1o \u00fanico para fechas especiales<\/p>\n<p>&nbsp;<\/p>\n<p>&nbsp;<\/p>\n<p><strong>PUBLICACIONES ANTERIORES<\/strong>:\u00a0<a href=\"http:\/\/www.agenciapyme.com\/2017\/01\/26\/empresa-moi-moi-traduce-la-esencia-de-cada-persona-en-un-detalle-agenciapyme\/\" target=\"_blank\" rel=\"noopener\">Empresa MOI MOI, traduce la esencia de cada persona en un detalle!<\/a><\/p>\n<p><strong>REDES SOCIALES<\/strong>:<\/p>\n<p><strong>Instagram<\/strong>:\u00a0\u00a0<a href=\"https:\/\/www.instagram.com\/moi.moi.co\/\" target=\"_blank\" rel=\"noopener\">moi.moi.co<\/a><\/p>\n<p><strong>Facebook:\u00a0<a href=\"https:\/\/www.facebook.com\/moi.moi.colombia\" target=\"_blank\" rel=\"noopener\">moi.moi.colombia<\/a><\/strong><\/p>\n<p>&nbsp;<\/p>\n<p style=\"text-align: center;\"><span style=\"color: #3366ff;\"><strong><span data-toggle=\"tooltip\"  rel=\"tooltip\" data-placement=\"top\" title=\"MAR\u00cdA CAMILA ARROYAVE B., Celular: 3115151707, correo: moi.moi.colombia@gmail.com, Bogot\u00e1, D.C. Colombia\">INFORMACI\u00d3N DE CONTACTO<\/span><\/strong><\/span><\/p>\n","protected":false},"excerpt":{"rendered":"<p><strong>Incluye<\/strong>: Caja de madera, bomba con motivo del evento, frutas, planta, s\u00e1ndwich.<\/p>\n<p><strong>Nota<\/strong>: El valor puede variar seg\u00fan las adiciones y detalles que se deseen incluir. Es necesario realizar su pedido con 24 horas de anticipaci\u00f3n, por ser un producto personalizado y \u00fanico.<\/p>\n<p><strong>Precio Desde:<\/strong>$70.000 incluye IVA.<\/p>\n<p><strong>MOI MOI\u00a0<\/strong>Ofrece sus productos para ser comercializados en todo el territorio colombiano.<\/p>\n<p>&nbsp;<\/p>\n<p style=\"text-align: center;\"><span style=\"color: #3366ff;\"><strong>[tcbdtooltip_text title=\"MAR\u00cdA CAMILA ARROYAVE B., Celular: 3115151707, correo: moi.moi.colombia@gmail.com, Bogot\u00e1, D.C. Colombia\" place=\"top\"]INFORMACI\u00d3N DE CONTACTO[\/tcbdtooltip_text]<\/strong><\/span><\/p>\n","protected":false},"featured_media":1180,"comment_status":"open","ping_status":"closed","template":"","meta":{"jetpack_post_was_ever_published":false,"jetpack_publicize_message":"","jetpack_publicize_feature_enabled":true,"jetpack_social_post_already_shared":true,"jetpack_social_options":{"image_generator_settings":{"template":"highway","enabled":false},"version":2}},"product_brand":[],"product_cat":[424,285],"product_tag":[380,423,422,421,415,284,416,417],"class_list":{"0":"post-1178","1":"product","2":"type-product","3":"status-publish","4":"has-post-thumbnail","6":"product_cat-desayunos-sorpresa","7":"product_cat-regalos-y-detalles","8":"product_tag-agenciapyme","9":"product_tag-desayunos","10":"product_tag-desayunos-personalizados","11":"product_tag-desayunos-sorpresa","12":"product_tag-moi-moi","13":"product_tag-regalos","14":"product_tag-regalos-personalizados","15":"product_tag-regalos-sorpresa","17":"first","18":"instock","19":"shipping-taxable","20":"product-type-simple"},"jetpack_publicize_connections":[],"jetpack_sharing_enabled":true,"_links":{"self":[{"href":"https:\/\/www.agenciapyme.com\/centrodenegocios\/wp-json\/wp\/v2\/product\/1178","targetHints":{"allow":["GET"]}}],"collection":[{"href":"https:\/\/www.agenciapyme.com\/centrodenegocios\/wp-json\/wp\/v2\/product"}],"about":[{"href":"https:\/\/www.agenciapyme.com\/centrodenegocios\/wp-json\/wp\/v2\/types\/product"}],"replies":[{"embeddable":true,"href":"https:\/\/www.agenciapyme.com\/centrodenegocios\/wp-json\/wp\/v2\/comments?post=1178"}],"wp:featuredmedia":[{"embeddable":true,"href":"https:\/\/www.agenciapyme.com\/centrodenegocios\/wp-json\/wp\/v2\/media\/1180"}],"wp:attachment":[{"href":"https:\/\/www.agenciapyme.com\/centrodenegocios\/wp-json\/wp\/v2\/media?parent=1178"}],"wp:term":[{"taxonomy":"product_brand","embeddable":true,"href":"https:\/\/www.agenciapyme.com\/centrodenegocios\/wp-json\/wp\/v2\/product_brand?post=1178"},{"taxonomy":"product_cat","embeddable":true,"href":"https:\/\/www.agenciapyme.com\/centrodenegocios\/wp-json\/wp\/v2\/product_cat?post=1178"},{"taxonomy":"product_tag","embeddable":true,"href":"https:\/\/www.agenciapyme.com\/centrodenegocios\/wp-json\/wp\/v2\/product_tag?post=1178"}],"curies":[{"name":"wp","href":"https:\/\/api.w.org\/{rel}","templated":true}]}}