{"id":1050,"date":"2017-08-22T17:31:26","date_gmt":"2017-08-22T22:31:26","guid":{"rendered":"http:\/\/www.agenciapyme.com\/centrodenegocios\/?post_type=product&#038;p=1050"},"modified":"2017-08-23T11:11:51","modified_gmt":"2017-08-23T16:11:51","slug":"zapatos-para-perro-talla-m-flips-dogs-25-000","status":"publish","type":"product","link":"https:\/\/www.agenciapyme.com\/centrodenegocios\/product\/zapatos-para-perro-talla-m-flips-dogs-25-000\/","title":{"rendered":"Zapatos para Perro Talla M  FLIPS DOGS  $25.000"},"content":{"rendered":"<p><strong><img data-recalc-dims=\"1\" loading=\"lazy\" decoding=\"async\" class=\"alignleft wp-image-1047 \" src=\"https:\/\/i0.wp.com\/www.agenciapyme.com\/centrodenegocios\/wp-content\/uploads\/2017\/08\/LOGO-Flips.jpg?resize=185%2C153\" alt=\"\" width=\"185\" height=\"153\" \/>FLIPSDOGS S.A.S .<\/strong>, es una marca 100% colombiana dedicada a la fabricaci\u00f3n y distribuci\u00f3n de zapatos para perros.<\/p>\n<p>Nuestros zapatos son fabricados, con l\u00e1tex natural y una gama de colores y dise\u00f1os que los diferencian del resto del mercado.<\/p>\n<p>Son biodegradables, reutilizables, impermeables, c\u00f3modos y no se caen.<\/p>\n<p>Su dise\u00f1o \u00fanico hace que el perro sienta el suelo, tenga un buen agarre y pueda mover su pata libremente, d\u00e1ndole as\u00ed una sensaci\u00f3n de seguridad y confort. Su barrera impermeable protege las patas del perro contra el calor, fr\u00edo, sustancias y suciedad del suelo.<\/p>\n<p><img data-recalc-dims=\"1\" loading=\"lazy\" decoding=\"async\" class=\"aligncenter wp-image-1042 \" src=\"https:\/\/i0.wp.com\/www.agenciapyme.com\/centrodenegocios\/wp-content\/uploads\/2017\/08\/Grupo-Flips.jpg?resize=559%2C366\" alt=\"\" width=\"559\" height=\"366\" srcset=\"https:\/\/i0.wp.com\/www.agenciapyme.com\/centrodenegocios\/wp-content\/uploads\/2017\/08\/Grupo-Flips.jpg?w=835&amp;ssl=1 835w, https:\/\/i0.wp.com\/www.agenciapyme.com\/centrodenegocios\/wp-content\/uploads\/2017\/08\/Grupo-Flips.jpg?resize=300%2C197&amp;ssl=1 300w, https:\/\/i0.wp.com\/www.agenciapyme.com\/centrodenegocios\/wp-content\/uploads\/2017\/08\/Grupo-Flips.jpg?resize=768%2C503&amp;ssl=1 768w\" sizes=\"auto, (max-width: 559px) 100vw, 559px\" \/><\/p>\n<p style=\"text-align: center;\">Zapatos FLIPS son la mejor opci\u00f3n para proteger y mantener limpias las patas de tu perro.<\/p>\n<p><strong>PUBLICACIONES ANTERIORES<\/strong>:\u00a0<a href=\"https:\/\/www.agenciapyme.com\/2017\/08\/08\/flips-emprendimiento-que-desarrolla-maquina-exclusiva-para-hacer-zapatos-para-perros\/\" target=\"_blank\" rel=\"noopener\">Flips, emprendimiento que desarrolla m\u00e1quina exclusiva para hacer zapatos para perros<\/a><\/p>\n<p style=\"text-align: center;\"><span style=\"color: #3366ff;\"><strong><span data-toggle=\"tooltip\"  rel=\"tooltip\" data-placement=\"top\" title=\"JORGE RAM\u00cdREZ, celular: 3208352814, correo: flipsdogs@gmail.com,   Calle 132 #50-29  Bogot\u00e1 D.C. Colombia.\">INFORMACI\u00d3N DE CONTACTO<\/span><\/strong><\/span><\/p>\n<p><strong>DIRECCI\u00d3N PUNTO DE F\u00c1BRICA Y VENTA<\/strong><\/p>\n<p>&nbsp;<\/p>\n<p><center><iframe loading=\"lazy\" src=\"https:\/\/www.google.com\/maps\/embed?pb=!1m18!1m12!1m3!1d3976.296348785983!2d-74.05883478554098!3d4.718498396572895!2m3!1f0!2f0!3f0!3m2!1i1024!2i768!4f13.1!3m3!1m2!1s0x8e3f8539a97ffcdd%3A0xcd7a1d5f1da4751b!2sCl.+132+%2350-29%2C+Bogot%C3%A1!5e0!3m2!1ses!2sco!4v1503503997982\" width=\"560\" height=\"315\" frameborder=\"0\" allowfullscreen=\"allowfullscreen\" data-mce-fragment=\"1\"><\/iframe><\/center><center><\/center><\/p>\n","protected":false},"excerpt":{"rendered":"<p>Fabricados de l\u00e1tex natural, son re-utilizables, impermeables, c\u00f3modos y no se caen f\u00e1cilmente.<\/p>\n<p>Talla M: B\u00f3xer, D\u00e1lmata, Collie, Beagle, Pit Bull y similares.<\/p>\n<p><strong><em>FLIPSDOGS S.A.S<\/em><\/strong>. Ofrece estos productos para ser comercializados en todo el territorio colombiano, as\u00ed como a nivel internacional.<\/p>\n<p>&nbsp;<\/p>\n<p style=\"text-align: center;\"><span style=\"color: #3366ff;\"><strong>[tcbdtooltip_text title=\"JORGE RAM\u00cdREZ, celular: 3208352814, correo: flipsdogs@gmail.com, \u00a0Calle 132 #50-29 \u00a0Bogot\u00e1 D.C. Colombia.\" place=\"top\"]INFORMACI\u00d3N DE CONTACTO[\/tcbdtooltip_text]<\/strong><\/span><\/p>\n<p>&nbsp;<\/p>\n","protected":false},"featured_media":1046,"comment_status":"open","ping_status":"closed","template":"","meta":{"jetpack_post_was_ever_published":false,"jetpack_publicize_message":"","jetpack_publicize_feature_enabled":true,"jetpack_social_post_already_shared":false,"jetpack_social_options":{"image_generator_settings":{"template":"highway","enabled":false},"version":2}},"product_brand":[],"product_cat":[190,167,191],"product_tag":[391,388,389,171,390],"class_list":{"0":"post-1050","1":"product","2":"type-product","3":"status-publish","4":"has-post-thumbnail","6":"product_cat-accesorios-para-perros","7":"product_cat-animales-y-mascotas","8":"product_cat-ropa-para-perros","9":"product_tag-accesorios-para-perro","10":"product_tag-flips","11":"product_tag-flips-dogs","12":"product_tag-ropa-para-mascotas","13":"product_tag-zapatos-para-perro","15":"first","16":"instock","17":"shipping-taxable","18":"product-type-simple"},"jetpack_publicize_connections":[],"jetpack_sharing_enabled":true,"_links":{"self":[{"href":"https:\/\/www.agenciapyme.com\/centrodenegocios\/wp-json\/wp\/v2\/product\/1050","targetHints":{"allow":["GET"]}}],"collection":[{"href":"https:\/\/www.agenciapyme.com\/centrodenegocios\/wp-json\/wp\/v2\/product"}],"about":[{"href":"https:\/\/www.agenciapyme.com\/centrodenegocios\/wp-json\/wp\/v2\/types\/product"}],"replies":[{"embeddable":true,"href":"https:\/\/www.agenciapyme.com\/centrodenegocios\/wp-json\/wp\/v2\/comments?post=1050"}],"wp:featuredmedia":[{"embeddable":true,"href":"https:\/\/www.agenciapyme.com\/centrodenegocios\/wp-json\/wp\/v2\/media\/1046"}],"wp:attachment":[{"href":"https:\/\/www.agenciapyme.com\/centrodenegocios\/wp-json\/wp\/v2\/media?parent=1050"}],"wp:term":[{"taxonomy":"product_brand","embeddable":true,"href":"https:\/\/www.agenciapyme.com\/centrodenegocios\/wp-json\/wp\/v2\/product_brand?post=1050"},{"taxonomy":"product_cat","embeddable":true,"href":"https:\/\/www.agenciapyme.com\/centrodenegocios\/wp-json\/wp\/v2\/product_cat?post=1050"},{"taxonomy":"product_tag","embeddable":true,"href":"https:\/\/www.agenciapyme.com\/centrodenegocios\/wp-json\/wp\/v2\/product_tag?post=1050"}],"curies":[{"name":"wp","href":"https:\/\/api.w.org\/{rel}","templated":true}]}}