{"id":554,"date":"2017-03-13T15:34:39","date_gmt":"2017-03-13T20:34:39","guid":{"rendered":"https:\/\/agenciapyme.com\/centrodenegocios\/?page_id=554"},"modified":"2017-03-15T14:58:02","modified_gmt":"2017-03-15T19:58:02","slug":"terminos-y-condiciones","status":"publish","type":"page","link":"https:\/\/www.agenciapyme.com\/centrodenegocios\/terminos-y-condiciones\/","title":{"rendered":"T\u00e9rminos y Condiciones Centro de Negocios Agenciapyme"},"content":{"rendered":"<p style=\"text-align: center;\"><strong>T\u00c9RMINOS Y<\/strong><\/p>\n<p style=\"text-align: center;\"><strong>\u00a0CONDICIONES CENTRO DE NEGOCIOS\u00a0 AGENCIAPYME.COM<\/strong><\/p>\n<p style=\"text-align: center;\"><strong>(Actualizado Marzo de 2017)<\/strong><\/p>\n<p>El siguiente documento establece los t\u00e9rminos y condiciones, adoptados por\u00a0Economic\u00a0And Business\u00a0Report\u00a0S.A.S. NIT. 830050620-1 (la Empresa) para el uso de la plataforma <u>www.agenciapyme.com\/centrodenegocios<\/u>, los cuales pueden modificarse, seg\u00fan las din\u00e1micas del mercado, por tanto recordamos consultarlos regularmente.<\/p>\n<p>&nbsp;<\/p>\n<p style=\"text-align: center;\"><strong>CUALQUIER PERSONA NATURAL O JUR\u00cdDICA, \u00a0QUE NO ACEPTE ESTOS T\u00c9RMINOS Y CONDICIONES, LOS CUALES TIENEN UN CAR\u00c1CTER OBLIGATORIO Y VINCULANTE, DEBER\u00c1 ABSTENERSE DE UTILIZAR EL SITIO Y\/O LOS SERVICIOS.<\/strong><\/p>\n<p>&nbsp;<\/p>\n<p>Los Usuarios (vendedor o comprador, comercializador etc) \u00a0debe leer, entender y aceptar todas las normas establecidas en los T\u00e9rminos y Condiciones, de\u00a0Economic\u00a0And Business\u00a0Report\u00a0S.A.S., as\u00ed como los dem\u00e1s documentos anexos, y las actualizaciones de los mismos, previo a su inscripci\u00f3n como Usuario de\u00a0la plataforma <u>www.agenciapyme.com\/centrodenegocios<\/u><\/p>\n<p>&nbsp;<\/p>\n<p><strong>01 \u2013 Destinaci\u00f3n\u00a0<\/strong><\/p>\n<p>Los Servicios s\u00f3lo est\u00e1n disponibles para personas naturales o jur\u00eddicas que tengan capacidad legal para contratar y comercializar productos de cualquier \u00edndole. Excepto los prohibidos por\u00a0Economic\u00a0And Business\u00a0Report\u00a0S.A.S. Entendi\u00e9ndose como empresas suscritas como PYMES, seg\u00fan las pol\u00edticas econ\u00f3micas de Colombia. No podr\u00e1n utilizar los servicios las personas que no tengan esa capacidad. El uso de la plataforma\u00a0<u>www.agenciapyme.com\/centrodenegocios<\/u>, es una herramienta complementaria de\u00a0Economic\u00a0And Business\u00a0Report\u00a0S.A.S., para impulsar las ventas de las\u00a0PYMES, en Colombia.<\/p>\n<p>&nbsp;<\/p>\n<p><strong>02 &#8211; Inscripci\u00f3n<\/strong><\/p>\n<p>La inscripci\u00f3n de las PYMES o Usuarios a la plataforma\u00a0<u>www.agenciapyme.com\/centrodenegocios<\/u><strong> por ahora, es totalmente gratuita. <\/strong>Para los Usuarios vendedores, se necesita enviar un correo electr\u00f3nico a: <a href=\"mailto:ecobusiness@ecobusiness.in\"><strong>ecobusiness@ecobusiness.in<\/strong><\/a><strong> , <\/strong>u otra que designe el representante de la Empresa, donde se indique los datos solicitados por el asesor comercial. Informaci\u00f3n que debe ser verificable y gozar de toda veracidad, esta inscripci\u00f3n es de car\u00e1cter obligatoria, para poder utilizar los servicios que brinda.\u00a0<u>www.agenciapyme.com\/centrodenegocios<\/u>. La Empresa NO se responsabiliza por la certeza de los Datos Personales provistos por sus Usuarios. Los Usuarios garantizan y responden, en cualquier caso, de la veracidad, exactitud, vigencia y autenticidad de los Datos Personales ingresados. Y seg\u00fan lo disponga la Empresa, se deber\u00e1 actualizar por parte del Usuario, dicha informaci\u00f3n.<\/p>\n<p>&nbsp;<\/p>\n<p><strong>03 \u2013 Tarifas y Facturaci\u00f3n<\/strong><\/p>\n<p><strong>3.1Comisi\u00f3n: <\/strong>Economic\u00a0And Business\u00a0Report\u00a0S.A.S.- No obtendr\u00e1 comisi\u00f3n alguna por los negocios que eventualmente se realicen entre Usurios \u00a0vendores y Usuarios compradores dentro la plataforma,\u00a0 \u00a0\u00a0<u>www.agenciapyme.com\/centrodenegocios<\/u><\/p>\n<p>&nbsp;<\/p>\n<p><strong>3.2 Facturaci\u00f3n<\/strong>: Es Obligatorio por parte de la Pyme o Usuario vendedor,\u00a0emitir una factura al Usuario comprador del bien o servicio, especificando el subtotal, m\u00e1s el IVA que corresponda seg\u00fan el caso. As\u00ed mismo, al momento de publicar los bienes en la p\u00e1gina\u00a0<u>www.agenciapyme.com\/centrodenegocios<\/u> estos deben incluir el IVA. En caso de que el Usuario sea una persona natural que eventualmente u ocasionalmente produzca un bien y que no emita dicha factura, es necesario acordarlo e informarlo \u00a0previamente con el comprador.<\/p>\n<p>&nbsp;<\/p>\n<p><strong>04 \u2013 Log\u00edstica<\/strong><\/p>\n<p>Desde el momento en que se concrete una venta, la log\u00edstica tanto de contactar al Usuario comprador como la forma de env\u00edo, ser\u00e1 \u00fanica y exclusivamente de la PYME o Usuario vendedor,<strong>\u00a0<\/strong>beneficiada con la venta del producto<strong>. \u00a0<\/strong> El Usuario comprador, se har\u00e1 cargo de los gastos de envi\u00f3, en caso que decida devolver los productos al Usuario vendedor.<strong>\u00a0 <\/strong>Economic\u00a0And Business\u00a0Report\u00a0S.A.S.,<strong>\u00a0NO\u00a0<\/strong>se hace responsable de los tiempos de env\u00edo, calidad del producto ofrecido, modo de transporte escogido para su final destino, ni productos defectuosos, o atrasos en los tiempos de env\u00edo. La plataforma\u00a0<u>www.agenciapyme.com\/centrodenegocios<\/u> es un instrumento de encuentro del vendedor y el comprador, pero<strong>\u00a0no es due\u00f1a de ning\u00fan producto, que se ofrece en la p\u00e1gina <\/strong><u>www.agenciapyme.com\/centrodenegocios<\/u><\/p>\n<p>&nbsp;<\/p>\n<p><strong>05 &#8211; Productos y Servicios Ofrecidos<\/strong><\/p>\n<p>Economic\u00a0And Business\u00a0Report\u00a0S.A.S., propietaria de la p\u00e1gina web <u>www.agenciapyme.com\/centrodenegocios<\/u>, promocionar\u00e1 \u00fanica y exclusivamente la p\u00e1gina o plataforma web, con los productos y servicios de las PYMES en Colombia, inscritas. Por tanto se faculta el derecho de admisi\u00f3n de dichos productos y servicios dentro de la tienda virtual.<\/p>\n<p><strong>5.1 Art\u00edculos prohibidos:\u00a0<\/strong>En general<strong>\u00a0<\/strong>se podr\u00e1n ofrecer productos y servicios por la PYMES o Usuarios, salvo los prohibidos, en los T\u00e9rminos y Condiciones, seg\u00fan el anexo 01.\u00a0<em>Listado de Art\u00edculos Prohibidos<strong>.<\/strong><\/em><\/p>\n<p><strong>5.2 Inclusi\u00f3n de im\u00e1genes y fotograf\u00edas.\u00a0<\/strong>La PYME o<strong>\u00a0<\/strong>Usuarios podr\u00e1n incluir im\u00e1genes y fotograf\u00edas del producto ofrecido siempre y cuando las mismas correspondan exactamente con el bien ofrecido, excepto que se trate de productos o de servicios que por su naturaleza no permiten esa correspondencia. Para su publicaci\u00f3n se hace necesario que el Usuario vendedor, envi\u00e9 las fotograf\u00edas en fondo blanco de cada producto, en formato JPG, tama\u00f1o no mayor de 700X 700 pixeles y no menor de\u00a0 otra 500 X 500 pixeles, v\u00eda correo electr\u00f3nico.<\/p>\n<p><strong>5.3 Valores e Inventarios<\/strong>: El valor del bien publicado en la p\u00e1gina\u00a0<u>www.agenciapyme.com\/centrodenegocios<\/u>, no podr\u00e1 ser modificado por las PYMES o Usuarios, y se especificar\u00e1 que este precio incluye IVA o no. As\u00ed mismo las PYMES o Usuarios ser\u00e1n responsables de mantener los suficientes inventarios para satisfacer la demanda que los compradores hagan.<\/p>\n<p><strong>\u00a0<\/strong><\/p>\n<p><strong>06 &#8211; Obligaciones de los Usuarios<\/strong><\/p>\n<p><strong>6.1. Obligaciones del Vendedor<\/strong>. Aceptar los T\u00e9rminos y Condiciones de\u00a0Economic\u00a0And Business\u00a0Report\u00a0S.A.S. Las PYMES o Usuarios vendedores deben tener capacidad legal para vender el producto objeto de su oferta, en la p\u00e1gina\u00a0<u>www.agenciapyme.com\/centrodenegocios<\/u>. Conforme a lo expresado en el numeral 11 del art\u00edculo 5 de la Ley 1480 de 2011. Al momento de ser notificado de la venta, debe a la mayor brevedad y con car\u00e1cter obligatorio ponerse en comunicaci\u00f3n con el comprador\u00a0para completar la venta, en asuntos de tiempo y forma de env\u00edo del producto. La venta puede reversarse en caso de no confirmar los datos del Usuario comprador, por posible falsedad de datos o por no establecer la forma de env\u00edo. Modificar el valor del bien ofertado sin previo aviso a la Empresa. Solo lo podr\u00e1 realizar mediante correo electr\u00f3nico notificando el motivo a\u00a0Economic\u00a0And Business\u00a0Report\u00a0S.A.S.<\/p>\n<p><strong>6.2 Obligaciones del Comprador<\/strong>. Aceptar los T\u00e9rminos y Condiciones de\u00a0Economic\u00a0And Business\u00a0Report\u00a0S.A.S. Coordinar con el Usuario vendedor, la forma de env\u00edo de su compra.<\/p>\n<p>La oferta de compra es irrevocable salvo en circunstancias excepcionales, tales como que el vendedor cambie sustancialmente la descripci\u00f3n del art\u00edculo despu\u00e9s de realizada alguna oferta, que exista un claro error tipogr\u00e1fico, o que no pueda verificar la identidad del vendedor.<\/p>\n<p>Exigir factura al vendedor donde se especifique el valor neto y los impuestos generados por la transacci\u00f3n comercial. Pagar en su totalidad, los gastos de envi\u00f3 en \u00a0caso de realizar una devoluci\u00f3n al vendedor.<\/p>\n<p>&nbsp;<\/p>\n<p><strong>07 &#8211; Privacidad de la Informaci\u00f3n<\/strong><\/p>\n<p>Economic\u00a0And Business\u00a0Report\u00a0S.A.S. NO utilizar\u00e1 de ninguna forma la informaci\u00f3n que reciba procedente de las PYMES o Usuarios, entendi\u00e9ndose que no comercializar\u00e1, no ceder\u00e1 a terceros, las bases de datos que obtenga de la inscripci\u00f3n de las PYMES, personas naturales, vendedores y compradores, que utilicen la plataforma <u><a href=\"http:\/\/www.agenciapyme.com\/centrodenegocios\">www.agenciapyme.com\/centrodenegocios<\/a><\/u> \u00danicamente se entregar\u00e1 informaci\u00f3n del Usuario vendedor al Usuario comprador, para fines comerciales, con el objeto de concretar exitosamente una venta-compra. O cuando autoridades judiciales o de polic\u00eda, bajo \u00f3rdenes judiciales escritas as\u00ed lo indiquen. Adem\u00e1s la Empresa garantiza el derecho del H\u00e1beas Data que puedan ejercer tanto Usuarios vendedores como Usuarios compradores.<\/p>\n<p>&nbsp;<\/p>\n<p><strong>08 &#8211; Sanciones.<\/strong><\/p>\n<p>En caso de advertir cualquiera de las siguientes conductas,\u00a0Economic\u00a0And Business\u00a0Report\u00a0S.A.S., podr\u00e1 suspender o inhabilitar de forma temporal o permanente el uso de la plataforma\u00a0<u>www.agenciapyme.com\/centrodenegocios<\/u> por parte de las PYMES o Usuarios.(a) Hacer caso omiso a cualquiera de los T\u00e9rminos y Condiciones; (b) Incumplimiento de los compromisos comerciales tanto del vendedor o comprador; (c) Proporcionar informaci\u00f3n errada.<\/p>\n<p>&nbsp;<\/p>\n<p><strong>09 &#8211; Responsabilidad<\/strong><\/p>\n<p>Se deja claro que\u00a0Economic\u00a0And Business\u00a0Report\u00a0S.A.S. como propietaria de la plataforma\u00a0<u>www.agenciapyme.com\/centrodenegocios<\/u>, que busca como objetivo ayudar a incrementar las ventas de los bienes producidos por las PYMES y personas naturales que ocasionalmente producen un bien o servicio. Y que la p\u00e1gina es un medio para el encuentro entre vendedores y compradores. Y que los productos que se publican NO son propiedad ni material ni intelectual de\u00a0Economic\u00a0And Business\u00a0Report\u00a0S.A.S., as\u00ed como la veracidad de la informaci\u00f3n que suministran los usuarios al momento de inscripci\u00f3n. Las PYMES y\/o Usuarios conocen y aceptan\u00a0que al realizar operaciones con otros Usuarios o terceros lo hace bajo su propio riesgo.\u00a0En\u00a0ning\u00fan\u00a0caso,\u00a0Economic\u00a0And\u00a0Business Report S.A.S. \u00a0ser\u00e1\u00a0responsable por lucro cesante, o por cualquier otro da\u00f1o y\/o perjuicio que haya podido sufrir el Usuario, debido a las operaciones realizadas o no realizadas por art\u00edculos publicados a trav\u00e9s de la plataforma<u> www.agenciapyme.com\/centrodenegocio<\/u>. Eximiendo de toda responsabilidad a gerentes, directores, empleados y representantes de\u00a0Economic\u00a0And Business\u00a0Report\u00a0S.A.S. La Empresa, recomienda realizar todas sus operaciones bajo estricta prudencia.<\/p>\n<p><strong>9.1 Garant\u00eda.<\/strong> Los Usuarios vendedores son los \u00fanicos responsables de ofrecer una garant\u00eda a los Usuarios compradores, seg\u00fan lo establecido en la Ley 1480 de 2011.<\/p>\n<p>&nbsp;<\/p>\n<p><strong>10 &#8211; Fallas en el Sistema<\/strong><\/p>\n<p>Economic\u00a0And Business\u00a0Report\u00a0S.A.S. no ser\u00e1 responsable por fallas en el sistema, ya que este puede eventualmente no estar disponible debido a dificultades t\u00e9cnicas, fallas de Internet, o por cualquier otra circunstancia ajena a la Empresa; en tales casos se procurar\u00e1 restablecerlo con la mayor celeridad posible, sin que por ello pueda imput\u00e1rsele alg\u00fan tipo de responsabilidad.<\/p>\n<p>&nbsp;<\/p>\n<p><strong>11 &#8211; Anexos<\/strong><\/p>\n<p>Para ser m\u00e1s expl\u00edcitos en los acuerdos, aclaramos que son parte integral de estos T\u00e9rminos y Condiciones, los siguientes anexos:<\/p>\n<ol>\n<li><em>Listado de Art\u00edculos Prohibidos<\/em><\/li>\n<\/ol>\n<p>&nbsp;<\/p>\n<p><strong>12 &#8211; Jurisdicci\u00f3n y Ley Aplicable<\/strong><\/p>\n<p>Este acuerdo estar\u00e1 regido en todos sus puntos por las leyes vigentes en la Rep\u00fablica de Colombia.<\/p>\n<p>Cualquier controversia derivada del presente acuerdo, su existencia, validez, interpretaci\u00f3n, alcance o cumplimiento, ser\u00e1 sometida a las leyes aplicables y a los Tribunales competentes de la Ciudad de Bogot\u00e1.<\/p>\n<p>&nbsp;<\/p>\n<p><strong>13 &#8211; Domicilio<\/strong><\/p>\n<p>Se fija como domicilio de\u00a0Economic\u00a0And Business\u00a0Report\u00a0S.A.S. NIT. 830050620-1 \u00a0Calle\u00a095 No. 71-11 Torre 1 Oficina 904 en la ciudad de Bogot\u00e1, D.C. C\u00f3digo Postal: 111121 Tel.\u00a0(571) 7732904<\/p>\n<p>&nbsp;<\/p>\n<p><em>ANEXO 01: LISTADO DE ART\u00cdCULOS PROHIBIDOS<\/em><\/p>\n<ol>\n<li><em>Art\u00edculos Robados<\/em><\/li>\n<li><em>Armas de fuego, municiones, explosivos y derivados.<\/em><\/li>\n<li><em>Cigarrillos, tabaco, cigarrilos electr\u00f3nicos y derivados.<\/em><\/li>\n<li><em>Celulares, tarjetas sink card y derivados.<\/em><\/li>\n<li><em>Animales, flora y fauna silvestre<\/em><\/li>\n<li><em>Fuegos Artificiales y derivados<\/em><\/li>\n<li><em>Servicios financieros<\/em><\/li>\n<li><em>Productos para la salud o medicamentos.<\/em><\/li>\n<li><em>Drogas alucin\u00f3genas, esteroides y derivados<\/em><\/li>\n<li><em>Millas a\u00e9reas y derivados.<\/em><\/li>\n<li><em>Productos de belleza que prometan cambios est\u00e9ticos milagrosos y no est\u00e9n autorizados por las autoridades competentes.<\/em><\/li>\n<li><em>Loter\u00edas, chance y derivados.<\/em><\/li>\n<li><em>Art\u00edculos relacionados con pornograf\u00eda, violencia o discriminaci\u00f3n.<\/em><\/li>\n<li><em>\u00d3rganos humanos y derivados.<\/em><\/li>\n<li><em>Elementos arqueol\u00f3gicos, o de patrimonio cultural.<\/em><\/li>\n<li><em>Bases de datos y art\u00edculos personales<\/em><\/li>\n<\/ol>\n<p>&nbsp;<\/p>\n","protected":false},"excerpt":{"rendered":"<p>T\u00c9RMINOS Y \u00a0CONDICIONES CENTRO DE NEGOCIOS\u00a0 AGENCIAPYME.COM (Actualizado Marzo de 2017) El siguiente documento establece los t\u00e9rminos y condiciones, adoptados&hellip;<\/p>\n","protected":false},"author":1,"featured_media":0,"parent":0,"menu_order":0,"comment_status":"closed","ping_status":"closed","template":"","meta":{"jetpack_post_was_ever_published":false,"footnotes":""},"class_list":["post-554","page","type-page","status-publish","hentry"],"jetpack_sharing_enabled":true,"jetpack_shortlink":"https:\/\/wp.me\/P97GfD-8W","_links":{"self":[{"href":"https:\/\/www.agenciapyme.com\/centrodenegocios\/wp-json\/wp\/v2\/pages\/554","targetHints":{"allow":["GET"]}}],"collection":[{"href":"https:\/\/www.agenciapyme.com\/centrodenegocios\/wp-json\/wp\/v2\/pages"}],"about":[{"href":"https:\/\/www.agenciapyme.com\/centrodenegocios\/wp-json\/wp\/v2\/types\/page"}],"author":[{"embeddable":true,"href":"https:\/\/www.agenciapyme.com\/centrodenegocios\/wp-json\/wp\/v2\/users\/1"}],"replies":[{"embeddable":true,"href":"https:\/\/www.agenciapyme.com\/centrodenegocios\/wp-json\/wp\/v2\/comments?post=554"}],"version-history":[{"count":5,"href":"https:\/\/www.agenciapyme.com\/centrodenegocios\/wp-json\/wp\/v2\/pages\/554\/revisions"}],"predecessor-version":[{"id":598,"href":"https:\/\/www.agenciapyme.com\/centrodenegocios\/wp-json\/wp\/v2\/pages\/554\/revisions\/598"}],"wp:attachment":[{"href":"https:\/\/www.agenciapyme.com\/centrodenegocios\/wp-json\/wp\/v2\/media?parent=554"}],"curies":[{"name":"wp","href":"https:\/\/api.w.org\/{rel}","templated":true}]}}